ors of (-1000356)/(-630) + 2/15?
2, 397
Let b be (-3)/2*258/(-9). Suppose -343 + b = -10*f. What are the prime factors of f?
2, 3, 5
Let d = 2765 + -1650. List the prime factors of d.
5, 223
Suppose 0 = 3*h, 2*h + 236 = 4*z + 7*h. Let m = z + 66. List the prime factors of m.
5
Let j(t) = 18*t - 1. Suppose i - m = 3*i + 22, -5*m + 16 = -4*i. Let z = i - -11. List the prime factors of j(z).
5, 7
Let v be (-4 + 5)*(-126 - 1). Let c = v + 187. What are the prime factors of c?
2, 3, 5
Let c = 18 + -13. Suppose -4*t = 3*w + 11, -2*w - c*t - 4 = -3*t. Suppose -4*f + w*f + 17 = 3*j, -5*j - 41 = -f. What are the prime factors of f?
2, 13
Suppose 3*f - 12 = -f. Suppose 103 = 2*w + 3*r, -f*w = -0*r - 5*r - 183. List the prime factors of w.
2, 7
Suppose 377 = -6*a + 2237. What are the prime factors of a?
2, 5, 31
Let h be (10/(-20))/(1/(-12)). Suppose 5*w - h = 279. What are the prime factors of w?
3, 19
Suppose 1370 = 2*w - 2*l, 0 = -2*w + 3*l + 2*l + 1367. List the prime factors of w.
2, 7
Suppose 4*b - 9*b + 20 = 0. Let h be (-8 + b)*(1 + 10). Let j = -5 - h. What are the prime factors of j?
3, 13
Let d(b) be the first derivative of -b**4/4 - 4*b**3/3 - 6*b**2 - 6*b - 3. What are the prime factors of d(-5)?
79
Suppose 8 = 2*a, -451 = -6*s + s - 4*a. What are the prime factors of s?
3, 29
Suppose l + 9 = 2*u, -u + 2*l = 6*l + 18. Suppose 3*w + u*w = 40. What are the prime factors of (-154)/(-10) - w/20?
3, 5
Suppose 0 = 2*c + 4, -232 = 3*s + 5*c - 4191. What are the prime factors of s?
3, 7
Let c = 46 - 3. Suppose 42*f - c*f = -4. List the prime factors of f.
2
Let s(n) = -n**3 + 6*n**2 - 5*n + 4. Let i(j) = -2*j**3 - 11*j**2 + 2*j - 19. Let u be i(-6). What are the prime factors of s(u)?
2
What are the prime factors of 8 + -1 - 0 - 4 - -1487?
2, 5, 149
Let s = 943 + 240. What are the prime factors of s?
7, 13
Let p(d) = d**3 - 7*d**2 + 8*d - 9. Let x be p(6). Suppose -x + 17 = m. List the prime factors of m.
2, 7
Let t(k) = 2*k**2 - 2*k - 1. Let d be t(2). Suppose d*o - 3*q = q + 22, -o - 4*q = -18. Suppose -o = -5*j + 120. What are the prime factors of j?
2, 13
Let k(h) = h**2 - 15*h + 28. Let x be k(13). What are the prime factors of 177 - -3*x/(-3)?
5, 7
What are the prime factors of 15361/4 - ((-14)/8 + 2)?
2, 3, 5
Let l = 163 + -93. Suppose -2*f - l = 2*z - 18, -5*z + 3*f = 138. Let v = -3 - z. List the prime factors of v.
2, 3
Let n be (-12)/(-4) - 13 - -4. Let r(q) = q**3 + 5*q**2 - 7*q - 4. Let w be r(n). Suppose -w*z - 2*z + 113 = 3*v, -3 = 3*z. What are the prime factors of v?
3, 13
Suppose -4*y = 12, -2*a = -2*y - 257 - 141. Suppose -a = -0*w - 4*w. Let v = w - 29. List the prime factors of v.
2, 5
Let y(a) = -a**2 + 21*a - 2. Let i = 102 - 93. List the prime factors of y(i).
2, 53
Suppose 3*p + 4*t - 220 = p, -2*p + 2*t = -190. Suppose -3*a = -a - p. What are the prime factors of a?
2, 5
Let u(c) = 6*c**2 - 4*c - 4. Let t(i) = -i**2 + i + 1. Let r(f) = -3*t(f) - u(f). Let y be r(4). Let k = -12 - y. List the prime factors of k.
31
Let w = -166 + 80. What are the prime factors of 1/((-1)/(-4)) - w?
2, 3, 5
Let n be (-10)/4 - (-11)/22. Let o be n*(3 - 2) + 5. What are the prime factors of 14/(o/6*1)?
2, 7
Let c(j) = -92*j + 19. What are the prime factors of c(-3)?
5, 59
Let s(d) = -3*d - 67 + 4*d**2 + 72 + 2*d - 3*d**2. Let f be s(0). Let b(a) = 2*a**2 - 3*a + 7. List the prime factors of b(f).
2, 3, 7
Suppose 0 = -n + 5*y + 953, -9*n = -11*n + 3*y + 1892. What are the prime factors of n?
23, 41
Suppose -5*j - 12 = j. Let r be (-5)/j*(-4)/5. What are the prime factors of 260/22 - r/11?
2, 3
Suppose -10*r + 3*q = -9*r - 4238, 0 = r - 5*q - 4248. What are the prime factors of r?
41, 103
Suppose -4 + 12 = 4*l. Let q(z) = -3*z**2 - 25*z - 1. Let k be q(-4). Suppose -l*j + j + k = 0. List the prime factors of j.
3, 17
Let j(h) = 6*h**2 - h. Let p be j(-1). Let m be (p + -42)*(-36)/10. Suppose 132 = 4*q - 0*q - 4*t, 4*q - m = -2*t. What are the prime factors of q?
2
Let q(n) = -n**2 + 7*n - 1. Let a be q(4). Let s = a - 9. Suppose -s*t - 8 = -20. What are the prime factors of t?
2, 3
Let f(r) = -2*r**2 - 3*r + 1. Let v(q) = -q**2 - q + 1. Let w(j) = -4*f(j) + 7*v(j). Let s be w(-5). Suppose -s*k + 96 = k. What are the prime factors of k?
2, 3
Suppose -11 - 4 = -g. Suppose w = g - 18. List the prime factors of 3*((-49)/w + -2).
43
What are the prime factors of 15/25 + -4 + (-177)/(-5)?
2
Let s(t) = -t**2 + t + 10. Let r be s(5). What are the prime factors of ((-146)/(-5))/((-4)/r)?
73
Let h(g) = g**3 + 7*g**2 + 5*g + 19. What are the prime factors of h(-6)?
5
Let c(s) = s - 16. Let b be c(16). Suppose -a + 393 - 118 = b. What are the prime factors of a?
5, 11
Suppose 0*p - p = 2, -3*p - 3088 = -h. List the prime factors of h.
2, 23, 67
Let o(q) = 13*q - 23. Let a = 34 + -26. What are the prime factors of o(a)?
3
Let h be (-64)/(((-3)/3)/(-1)). Let l = 32 + h. What are the prime factors of (-504)/l + 2/8?
2
Let a(t) = -389*t + 12. Let w be a(-9). Suppose -445 + w = 13*c. List the prime factors of c.
2, 59
Let w be 1 - ((-15)/(-3) - 8). Suppose 5*t = -0*t + 4*u + 728, w*t - 5*u = 586. List the prime factors of t.
2, 3
List the prime factors of (-5631)/(-13) + 58/(-377).
433
Let n(t) = -20*t**2 - 2. Let x be n(-1). Let d = 31 + x. List the prime factors of d.
3
Let v(g) be the third derivative of g**6/40 - g**5/30 + g**4/6 - 2*g**3/3 + 6*g**2. What are the prime factors of v(3)?
71
Let s = -154 + 274. Let r = -52 + s. List the prime factors of r.
2, 17
Suppose -4*b - 2*g = -0*g - 2830, g = -b + 705. Suppose -2*a - b = -12*a. What are the prime factors of a?
71
List the prime factors of ((-18)/(-45))/((-4)/(-17530)).
1753
Suppose -4*o = 7*o - 22. Suppose c - 125 = 3*n + o*n, 2*c + 3*n = 250. List the prime factors of c.
5
Suppose -5*b - 20 = 0, 3*x - 4*b = 379 + 108. Suppose -5*o + 615 = 5*c, 0 = o - 2*c + 34 - x. What are the prime factors of o?
3, 41
Let z(n) = n - 22. Let w be z(-7). Let d = w + 149. What are the prime factors of d?
2, 3, 5
Let l = -638 + 898. Suppose -j - j = -l. What are the prime factors of j?
2, 5, 13
Let c be (-1 + 5)*9/12. Suppose 10 + 59 = c*g. What are the prime factors of g?
23
Let v(o) be the third derivative of -o**6/120 + 3*o**5/20 + o**4/24 - o**3/2 - 8*o**2. Let i be v(9). List the prime factors of 422/i + (-45)/(-27).
2, 3
Suppose v - 2*g + 1 = 0, -9 = -v - 4*g + g. Suppose 0*s + v*s = 93. What are the prime factors of s?
31
Suppose 5*g + 4*c = 4579, -3*g + 4*c + 0*c = -2773. Suppose 6*h = 35 + g. What are the prime factors of h?
3, 53
Let k be 11/3 + (-2)/3. Let c = 191 + -168. Suppose 2*x - 46 = -4*q + 2*q, -q + c = k*x. List the prime factors of q.
23
Let q be (-4*4)/(-4) + 2. Let p be (-45)/(-30)*8/q. Suppose 47 = p*d - 7. List the prime factors of d.
3
Suppose 4*j + 5348 = 3*m, 4*m + 6*j = j + 7110. List the prime factors of m.
2, 5, 89
Suppose -t = 5, -4*t = 2*v - 0*t + 20. Suppose 3*d + 14 = -5*h - 1, v = d. What are the prime factors of (4/12 - 1)*h?
2
Suppose -16*b + 1882 = -14*b - 2*t, -b - 5*t + 923 = 0. What are the prime factors of b?
2, 7, 67
Let f = 51 - 71. Let y = f - -45. What are the prime factors of y?
5
Suppose -4*y + 356 + 1288 = 0. List the prime factors of y.
3, 137
Let b = 9 + -2. Suppose -4*v = -3 + b. Let q(c) = -2*c + 1. List the prime factors of q(v).
3
Let g = 57 + -46. Let o = 40 - g. What are the prime factors of o?
29
Let p = 309 + -152. Let n = p - 57. What are the prime factors of n?
2, 5
What are the prime factors of (16 - 1)*(7 - -227)?
2, 3, 5, 13
Let i(h) = h**2 + 2*h + 6. Let y be i(9). Let a = 204 - y. What are the prime factors of a?
3, 11
Let j(c) = 2*c**2 - 14*c - 2. Let k(a) = 4*a - 14. Let s be k(6). Let h be ((-8)/s)/((-26)/325). List the prime factors of j(h).
2, 29
Let w = 6 - 1. Let d(t) = -39*t**2 - 15*t - 12. Let y(c) = -47*c**2 - 16*c - 12. Let z(g) = -6*d(g) + 5*y(g). What are the prime factors of z(w)?
37
Let x(u) = -u**3 - 13*u**2 + 66*u + 1. List the prime factors of x(-20).
1481
Let o(c) be the second derivative of -c**4/12 + c**3/6 + 14*c**2 - 6*c. Let v be o(0). Let n = v + 3. List the prime factors of n.
31
Let u = -14 + 10. Let i be u/((-39)/36 - -1). What are the prime factors of (i/20)/((-6)/(-20))?
2
Suppose -9*x + 55 = -8*x. Let d = x - 38. List the